{"id":59,"date":"2021-12-27T14:00:47","date_gmt":"2021-12-27T17:00:47","guid":{"rendered":"https:\/\/prefeitura.santarosa.rs.gov.br\/?page_id=59"},"modified":"2023-06-28T14:41:24","modified_gmt":"2023-06-28T17:41:24","slug":"localizacao","status":"publish","type":"page","link":"https:\/\/prefeitura.santarosa.rs.gov.br\/?page_id=59","title":{"rendered":"Localiza\u00e7\u00e3o"},"content":{"rendered":"\n<p>Santa Rosa \u00e9 um dos 497 munic\u00edpios do Estado do Rio Grande do Sul e, localiza-se, no noroeste do estado, possuindo uma extens\u00e3o territorial de 419 Km\u00b2. O munic\u00edpio limita-se com os seguintes munic\u00edpios:<\/p>\n\n\n\n<ul class=\"wp-block-list\"><li>ao norte: Tuparendi e Tucunduva<\/li><li>ao sul: Ubiretama, Salgado Filho e Giru\u00e1<\/li><li>a leste: Tr\u00eas de Maio<\/li><li>a oeste: C\u00e2ndido God\u00f3i e Santo Cristo<\/li><\/ul>\n\n\n\n<iframe src=\"https:\/\/www.google.com\/maps\/embed?pb=!1m18!1m12!1m3!1d14109.408521560175!2d-54.45572160174558!3d-27.860451495644536!2m3!1f0!2f0!3f0!3m2!1i1024!2i768!4f13.1!3m3!1m2!1s0x94f9344a5797a303%3A0x9a6c0228fbadebfb!2sPrefeitura%20Municipal%20de%20Santa%20Rosa!5e0!3m2!1spt-BR!2sbr!4v1654278222709!5m2!1spt-BR!2sbr\" width=\"100%\" height=\"550\" style=\"border:0;\" allowfullscreen=\"\" loading=\"lazy\" referrerpolicy=\"no-referrer-when-downgrade\"><\/iframe>\n","protected":false},"excerpt":{"rendered":"<p>Santa Rosa \u00e9 um dos 497 munic\u00edpios do Estado do Rio Grande do Sul e, localiza-se, no noroeste do estado,<\/p>\n","protected":false},"author":2,"featured_media":0,"parent":7180,"menu_order":0,"comment_status":"closed","ping_status":"closed","template":"","meta":{"footnotes":""},"class_list":["post-59","page","type-page","status-publish","hentry"],"aioseo_notices":[],"_links":{"self":[{"href":"https:\/\/prefeitura.santarosa.rs.gov.br\/index.php?rest_route=\/wp\/v2\/pages\/59","targetHints":{"allow":["GET"]}}],"collection":[{"href":"https:\/\/prefeitura.santarosa.rs.gov.br\/index.php?rest_route=\/wp\/v2\/pages"}],"about":[{"href":"https:\/\/prefeitura.santarosa.rs.gov.br\/index.php?rest_route=\/wp\/v2\/types\/page"}],"author":[{"embeddable":true,"href":"https:\/\/prefeitura.santarosa.rs.gov.br\/index.php?rest_route=\/wp\/v2\/users\/2"}],"replies":[{"embeddable":true,"href":"https:\/\/prefeitura.santarosa.rs.gov.br\/index.php?rest_route=%2Fwp%2Fv2%2Fcomments&post=59"}],"version-history":[{"count":4,"href":"https:\/\/prefeitura.santarosa.rs.gov.br\/index.php?rest_route=\/wp\/v2\/pages\/59\/revisions"}],"predecessor-version":[{"id":2053,"href":"https:\/\/prefeitura.santarosa.rs.gov.br\/index.php?rest_route=\/wp\/v2\/pages\/59\/revisions\/2053"}],"up":[{"embeddable":true,"href":"https:\/\/prefeitura.santarosa.rs.gov.br\/index.php?rest_route=\/wp\/v2\/pages\/7180"}],"wp:attachment":[{"href":"https:\/\/prefeitura.santarosa.rs.gov.br\/index.php?rest_route=%2Fwp%2Fv2%2Fmedia&parent=59"}],"curies":[{"name":"wp","href":"https:\/\/api.w.org\/{rel}","templated":true}]}}